Suppose s + 17 = 50. Calculate the remainder when s is divided by 12.
9
Let n = 11 + -1. Calculate the remainder when 19 is divided by n.
9
Suppose -23 - 1 = -4*k. What is the remainder when 27 is divided by k?
3
Suppose -14 + 50 = 4*v. Let l = -21 - -12. Calculate the remainder when l/6 - 74/(-4) is divided by v.
8
Let q = 76 - 65. What is the remainder when q is divided by 6?
5
Let g(n) = 2*n + 5. What is the remainder when g(7) is divided by 11?
8
Let f = -50 - -101. What is the remainder when f is divided by 18?
15
Let i = -26 - -59. What is the remainder when i is divided by 10?
3
Suppose 3*i - 21 = -2*r, -2*i = r + i - 3. What is the remainder when 85 is divided by r?
13
Suppose b = -2*j + 23, -j = 4*b - 3*j - 122. What is the remainder when 81 is divided by b?
23
Let w(t) = t**3 - 4*t**2 + 4*t - 1. Let g be w(3). What is the remainder when (-85)/10*(-4)/g is divided by 7?
3
What is the remainder when 20 is divided by (-1 - 6/4)*(-14)/5?
6
Let z(a) = a**3 - 3*a**2 + 9*a. Calculate the remainder when z(5) is divided by 11.
7
Suppose 0 = -3*w + 17 + 19. What is the remainder when 35 is divided by w?
11
Let g = -3 - -9. Let f(t) = -t + 2. Let j be f(g). Let b(m) = -m. Calculate the remainder when 6 is divided by b(j).
2
Let p(q) = -4*q**3 - 27*q**2 - 21*q + 12. Let k(g) = g**3 + 9*g**2 + 7*g - 4. Let o(c) = 7*k(c) + 2*p(c). Calculate the remainder when o(9) is divided by 20.
19
Let g = -4 - -6. Suppose -3*u + 53 = 4*o - 0*o, 2*u = -g. Calculate the remainder when o is divided by 8.
6
Let d(i) = i**3 + 3*i**2 - i - 1. What is the remainder when 17 is divided by d(-2)?
2
Let k(l) = -20*l - 1. Let b = -13 + 12. What is the remainder when k(b) is divided by 7?
5
Suppose -4*o + 5*j = -21, o - 12 + 5 = 3*j. Suppose g - 19 = -o. Suppose 0*d + 5*d - 145 = 0. What is the remainder when d is divided by g?
14
Calculate the remainder when ((-3)/2)/(33/(-2992)) is divided by 47.
42
Suppose -270 + 74 = -5*g - i, 4*i + 176 = 4*g. Suppose 2*y = -3*y + g. Suppose q - 5*x = 53 + y, q - 3*x = 55. Calculate the remainder when q is divided by 16.
14
Let y = -131 - -146. Suppose -2*u + 5*u = 12. Suppose -7 = -u*h + 25. Calculate the remainder when y is divided by h.
7
Let t(j) = 4*j**2 - 2*j - 4. Calculate the remainder when 101 is divided by t(3).
23
Suppose 0 = -2*x + 43 - 3. Calculate the remainder when ((-39)/(-2))/(9/18) is divided by x.
19
Suppose 2*o + 3*o - 95 = 0. What is the remainder when 55 is divided by o?
17
What is the remainder when (-11)/((-10)/(-5) - 3) is divided by 3?
2
Suppose 29 + 1 = 5*v. Calculate the remainder when (-2)/(-7) + 488/7 is divided by ((-4)/v)/(2/(-72)).
22
Suppose -2*v = -5*d + 19 - 94, -2*v + 60 = -2*d. What is the remainder when v is divided by 13?
12
Let o be (-2)/5*(0 + -5). Suppose -5*t = 15, 2*a - o*t + 5 - 3 = 0. What is the remainder when 129/(-1)*a/12 is divided by 15?
13
Suppose -11*l + 7 = -10*l. Calculate the remainder when 26 is divided by l.
5
Suppose -2*n - 4 = -4*w + 2*n, -2*w - 4*n = -8. Suppose -3*o - 2*j - 15 = j, -3*o = -w*j + 5. Calculate the remainder when 34/(-12)*4*o is divided by 18.
16
Suppose r - 30 = -0*r. Let c = r - 3. Let w = -11 + c. Calculate the remainder when 30 is divided by w.
14
Let m(g) = -g**3 + 7*g**2 - 8*g + 3. Let d(j) = 2*j - 3. What is the remainder when m(5) is divided by d(4)?
3
Let f(z) = 2*z**2 + 6*z + 5. Let n(r) = -2*r**3 - 4*r**2 - 6*r - 12. Calculate the remainder when n(-3) is divided by f(-4).
11
Suppose b - 16 = 3*w, 0*b + 4*w = b - 21. Calculate the remainder when 23 is divided by b/6 - (-154)/12.
10
Calculate the remainder when (-11)/(-2)*(-6)/(-1) is divided by 6.
3
Let w be (-1 - -7) + 2 + 1. Let h = w + 130. Suppose -5*d = -4*u + h, 0*u - 2*u - 2*d + 92 = 0. Calculate the remainder when u is divided by 14.
13
Let r(y) = y**3 - 12*y**2 + 10*y + 16. Let x = 2 - -6. Calculate the remainder when x is divided by r(11).
3
Let z(h) = -h**2 + 15*h + 6. Suppose f - 25 = -2*f - 4*t, 0 = -f + 2*t + 5. What is the remainder when z(14) is divided by f?
6
Let u = 1 - 1. Let l be -2*6/(u + -1). Calculate the remainder when 67 is divided by 1/(-6) + 278/l.
21
Suppose 35*o = 43*o - 392. Let t = 10 - 7. Suppose b - t - 14 = 0. Calculate the remainder when o is divided by b.
15
Let r(x) = -10*x. Calculate the remainder when 17 is divided by r(-1).
7
Let y(i) = i**3 + 5*i**2 + 4*i - 2. Let h be y(-4). Let d = 5 - h. What is the remainder when (d/4)/(1/28) is divided by 17?
15
Suppose -1 = -0*h - h. Suppose 43 = y + h. What is the remainder when y is divided by 11?
9
Let a be 1/(-5) + (-22)/(-10). Suppose -a*p - 2*q + 51 = -7*q, -5*p - 5*q = -110. What is the remainder when 43 is divided by p?
20
Suppose -3*c - 28 = -5*c. Let z = 116 + -76. Calculate the remainder when z is divided by c.
12
Let o = 24 - 0. What is the remainder when o is divided by 13?
11
Let a be 12/10 + (-2)/10. Let i be (5 - (1 - -1))/a. Let x = i - -1. What is the remainder when x is divided by 3?
1
Let y be (-4)/(-14) - 687/(-21). Let a = -19 + 39. What is the remainder when a is divided by (-5 - 0)*y/(-15)?
9
Suppose 3*d + 2*d = -4*q + 95, -2*q = 2*d - 40. Calculate the remainder when d is divided by 8.
7
Suppose 3*b + 0*b = 2*a + 117, b = 5*a + 26. Calculate the remainder when b is divided by 7.
6
Let k(n) = n**3 + 3*n**2 + 3. Suppose 0*u = u - 3. Suppose g + u = 7. Calculate the remainder when g is divided by k(-3).
1
Suppose o = -o + 34. Suppose -t - 1 = -2*s - o, 3*t = 4*s + 40. Calculate the remainder when t is divided by 5.
3
Suppose w + x - 15 = 0, w + 2*x + 30 = 2*w. Let d(f) = f**2 - 4 + 0*f**2 + 1 - 4 + 5*f. Calculate the remainder when w is divided by d(-7).
6
Suppose 5*q - 5*t - 19 - 91 = 0, q - 42 = 5*t. What is the remainder when q is divided by 9?
8
Let m(t) = -t**2 - 2*t - 2. Let k be m(-2). Let c(d) = d. Let l be c(k). Calculate the remainder when 31 is divided by l/7 + (-158)/(-14).
9
Suppose 4*t - 55 = -i, -5*i + 0*i + 254 = -t. Calculate the remainder when i is divided by 18.
15
Suppose 0 = g - 11. Suppose f = 3*q + 45, -4*f - 61 = -q - 186. What is the remainder when f is divided by g?
8
Suppose o - 141 = 3. Suppose 5*p + 14 = o. Suppose 0 = 4*w - p - 6. What is the remainder when w is divided by 5?
3
Let a be ((-4)/(-2))/(-2)*1. Calculate the remainder when ((-16)/10)/(a/20) is divided by 11.
10
Let s be ((-18)/27)/(2/(-108)). Let l = -23 + s. Calculate the remainder when 49 is divided by l.
10
Suppose -91 = -3*p + 41. Calculate the remainder when p is divided by 9.
8
Let a = -8 - -20. Let v(h) = -5 - 3*h + 3*h + 10*h. Calculate the remainder when v(5) is divided by a.
9
Suppose -4*c + 28 = -2*c. Calculate the remainder when c is divided by -3 - 1*(-11 - -4).
2
Let c = -21 - -4. Let i = c + 33. What is the remainder when 47 is divided by i?
15
Let u(j) = 3*j**2 + 18. Let p(b) = -4*b**3 - 2*b - 3. What is the remainder when p(-2) is divided by u(0)?
15
Suppose -2*x + 100 = 5*w, -6*w = -2*w + 5*x - 80. Calculate the remainder when 97 is divided by w.
17
Suppose -4*y = 5 - 1. Calculate the remainder when 40 is divided by (0 + y)/((-3)/42).
12
Suppose 3*w = -w + 24. Calculate the remainder when 7 is divided by (3/w)/(1/8).
3
Suppose -4*a - 3*p + 89 = 0, -26 = -a - 0*p - 2*p. Let x(t) = 11*t**3 + t**2 - 2*t + 1. What is the remainder when a is divided by x(1)?
9
Let o(b) = 2*b - 7. Let p(z) = -6 + 2*z - 2*z + 3*z. Let k(t) = -4*o(t) + 3*p(t). Calculate the remainder when 6 is divided by k(-6).
2
Suppose -2*o + 3*d = -2*d - 90, -5*o = -d - 225. Suppose 2*q - 37 - o = 0. What is the remainder when q is divided by 11 + (5/1 - 2)?
13
Suppose 6*q = 3*q + 2*g - 14, 2*q - g + 9 = 0. What is the remainder when (-58)/q + (-6)/4 is divided by 5?
3
Let k(o) = -o**3 + 5*o**2 - o - 4. Let z = 3 - 0. Calculate the remainder when k(z) is divided by 3.
2
Suppose -4*o + 0*o - 84 = 0. Let v = 36 + o. Calculate the remainder when 43 is divided by v.
13
Suppose -491 = -11*c + 1082. What is the remainder when c is divided by 72?
71
Suppose -2*n + 21 = -7. Suppose -2*h - 109 = -6*f + 3*f, 3*f + 4*h = 133. Calculate the remainder when f is divided by n.
11
Suppose -23*d - 22 = -45. What is the remainder when 3/12 + (-15)/(-4) is divided by d?
0
Let v(q) = 6*q**2 - 2*q + 1. Let l = -48 + 89. What is the remainder w